{"id":25,"date":"2021-05-22T23:03:22","date_gmt":"2021-05-22T21:03:22","guid":{"rendered":"https:\/\/yvesoesch.ch\/wordpress\/?page_id=25"},"modified":"2022-12-06T16:07:30","modified_gmt":"2022-12-06T15:07:30","slug":"home","status":"publish","type":"page","link":"https:\/\/yvesoesch.ch\/wordpress\/","title":{"rendered":"Home page Yves OESCH \/ HB9DTX"},"content":{"rendered":"\n<h2 class=\"wp-block-heading\">Langues \/ <em>Languages<\/em><\/h2>\n\n\n\n<ul class=\"wp-block-list\">\n<li>Le fran\u00e7ais et l&rsquo;anglais sont utilis\u00e9s alternativement, en fonction de l&rsquo;audience vis\u00e9e, plus ou moins internationale selon les sujets. Je n&rsquo;ai pas le temps de tout traduire, d\u00e9sol\u00e9&#8230;<\/li>\n\n\n\n<li><em>French or english are used alternatively, depending on the target audience and geographical footprint. I don&rsquo;t have time to translate everything, sorry<\/em>&#8230;<\/li>\n<\/ul>\n\n\n\n<p><\/p>\n\n\n\n<h2 class=\"wp-block-heading\">Site updates<\/h2>\n\n\n<ul class=\"wp-block-latest-posts__list is-grid columns-2 has-dates wp-block-latest-posts\"><li><div class=\"wp-block-latest-posts__featured-image\"><a href=\"https:\/\/yvesoesch.ch\/wordpress\/2026\/04\/molette-pour-connecteur-sma-en-impression-3d\/\" aria-label=\"Molette pour connecteur SMA en impression 3D\"><img loading=\"lazy\" decoding=\"async\" width=\"150\" height=\"150\" src=\"https:\/\/yvesoesch.ch\/wordpress\/wp-content\/uploads\/2026\/04\/image-150x150.png\" class=\"attachment-thumbnail size-thumbnail wp-post-image\" alt=\"\" style=\"width:100%;height:68.34%;max-width:1096px;\" \/><\/a><\/div><a class=\"wp-block-latest-posts__post-title\" href=\"https:\/\/yvesoesch.ch\/wordpress\/2026\/04\/molette-pour-connecteur-sma-en-impression-3d\/\">Molette pour connecteur SMA en impression 3D<\/a><time datetime=\"2026-04-25T22:52:14+02:00\" class=\"wp-block-latest-posts__post-date\">25 avril 2026<\/time><div class=\"wp-block-latest-posts__post-excerpt\">Voir l&rsquo;article complet<\/div><\/li>\n<li><div class=\"wp-block-latest-posts__featured-image\"><a href=\"https:\/\/yvesoesch.ch\/wordpress\/2024\/09\/cours-bluetooth-low-energy\/\" aria-label=\"Cours Bluetooth Low Energy\"><img loading=\"lazy\" decoding=\"async\" width=\"150\" height=\"150\" src=\"https:\/\/yvesoesch.ch\/wordpress\/wp-content\/uploads\/2024\/09\/Bluetooth.svg-150x150.png\" class=\"attachment-thumbnail size-thumbnail wp-post-image\" alt=\"\" style=\"width:100%;height:152.73%;max-width:220px;\" \/><\/a><\/div><a class=\"wp-block-latest-posts__post-title\" href=\"https:\/\/yvesoesch.ch\/wordpress\/2024\/09\/cours-bluetooth-low-energy\/\">Cours Bluetooth Low Energy<\/a><time datetime=\"2024-09-17T20:42:30+02:00\" class=\"wp-block-latest-posts__post-date\">17 septembre 2024<\/time><div class=\"wp-block-latest-posts__post-excerpt\">Je donne un cours d&rsquo;introduction \u00e0 Bluetooth Low Energy \u00e0 la FSRM (Fondation Suisse pour la Recherche en Microtechnique) le 16 Novembre 2024. Le cours d&rsquo;une journ\u00e9e sera donn\u00e9 en fran\u00e7ais. Toutes les informations et inscription: https:\/\/www.fsrm.ch\/doc\/c805.php Objectifs du cours La norme Bluetooth est bien connue du grand public. Ce standard dont la premi\u00e8re version&hellip; <a class=\"more-link\" href=\"https:\/\/yvesoesch.ch\/wordpress\/2024\/09\/cours-bluetooth-low-energy\/\">Poursuivre la lecture <span class=\"screen-reader-text\">Cours Bluetooth Low Energy<\/span><\/a><\/div><\/li>\n<li><div class=\"wp-block-latest-posts__featured-image\"><a href=\"https:\/\/yvesoesch.ch\/wordpress\/2024\/09\/repair-of-an-sma-stp15000-solar-inverter\/\" aria-label=\"Repair of an SMA STP15000 solar inverter\"><img loading=\"lazy\" decoding=\"async\" width=\"150\" height=\"150\" src=\"https:\/\/yvesoesch.ch\/wordpress\/wp-content\/uploads\/2024\/09\/20240824_225404-150x150.jpg\" class=\"attachment-thumbnail size-thumbnail wp-post-image\" alt=\"AC relay contact burnt\" style=\"width:100%;height:75%;max-width:2000px;\" \/><\/a><\/div><a class=\"wp-block-latest-posts__post-title\" href=\"https:\/\/yvesoesch.ch\/wordpress\/2024\/09\/repair-of-an-sma-stp15000-solar-inverter\/\">Repair of an SMA STP15000 solar inverter<\/a><time datetime=\"2024-09-01T18:14:42+02:00\" class=\"wp-block-latest-posts__post-date\">1 septembre 2024<\/time><div class=\"wp-block-latest-posts__post-excerpt\">After 9 years of service without any problem and a production of almost 150&rsquo;000 kWh, our STP15000TL inverter suddenly decided to stop working. The displayed showed a cryptic Error 7702. Accessing the device through its Bluetooth interface by using the SunnyExplorer software didn&rsquo;t bring more information. The error was labelled 77 in the software. Recommendation&hellip; <a class=\"more-link\" href=\"https:\/\/yvesoesch.ch\/wordpress\/2024\/09\/repair-of-an-sma-stp15000-solar-inverter\/\">Poursuivre la lecture <span class=\"screen-reader-text\">Repair of an SMA STP15000 solar inverter<\/span><\/a><\/div><\/li>\n<li><div class=\"wp-block-latest-posts__featured-image\"><a href=\"https:\/\/yvesoesch.ch\/wordpress\/2024\/06\/ocxo-versus-gpsdo\/\" aria-label=\"OCXO versus GPSDO\"><img loading=\"lazy\" decoding=\"async\" width=\"150\" height=\"150\" src=\"https:\/\/yvesoesch.ch\/wordpress\/wp-content\/uploads\/2024\/06\/20240523_095346-150x150.jpg\" class=\"attachment-thumbnail size-thumbnail wp-post-image\" alt=\"\" style=\"width:100%;height:75%;max-width:2560px;\" \/><\/a><\/div><a class=\"wp-block-latest-posts__post-title\" href=\"https:\/\/yvesoesch.ch\/wordpress\/2024\/06\/ocxo-versus-gpsdo\/\">OCXO versus GPSDO<\/a><time datetime=\"2024-06-15T23:39:44+02:00\" class=\"wp-block-latest-posts__post-date\">15 juin 2024<\/time><div class=\"wp-block-latest-posts__post-excerpt\">A comparison measurement between an Oven Controlled Xtal Oscillator and a GPS Disciplined Oscillator is availble. Full article: OCXO \u2013 GPSDO oscillators comparison over 4 days<\/div><\/li>\n<\/ul>","protected":false},"excerpt":{"rendered":"<p>Langues \/ Languages Site updates<\/p>\n","protected":false},"author":3,"featured_media":0,"parent":0,"menu_order":0,"comment_status":"closed","ping_status":"closed","template":"","meta":{"footnotes":""},"class_list":["post-25","page","type-page","status-publish","hentry","entry"],"_links":{"self":[{"href":"https:\/\/yvesoesch.ch\/wordpress\/wp-json\/wp\/v2\/pages\/25","targetHints":{"allow":["GET"]}}],"collection":[{"href":"https:\/\/yvesoesch.ch\/wordpress\/wp-json\/wp\/v2\/pages"}],"about":[{"href":"https:\/\/yvesoesch.ch\/wordpress\/wp-json\/wp\/v2\/types\/page"}],"author":[{"embeddable":true,"href":"https:\/\/yvesoesch.ch\/wordpress\/wp-json\/wp\/v2\/users\/3"}],"replies":[{"embeddable":true,"href":"https:\/\/yvesoesch.ch\/wordpress\/wp-json\/wp\/v2\/comments?post=25"}],"version-history":[{"count":19,"href":"https:\/\/yvesoesch.ch\/wordpress\/wp-json\/wp\/v2\/pages\/25\/revisions"}],"predecessor-version":[{"id":600,"href":"https:\/\/yvesoesch.ch\/wordpress\/wp-json\/wp\/v2\/pages\/25\/revisions\/600"}],"wp:attachment":[{"href":"https:\/\/yvesoesch.ch\/wordpress\/wp-json\/wp\/v2\/media?parent=25"}],"curies":[{"name":"wp","href":"https:\/\/api.w.org\/{rel}","templated":true}]}}