{"id":330,"date":"2021-06-20T18:54:48","date_gmt":"2021-06-20T16:54:48","guid":{"rendered":"https:\/\/yvesoesch.ch\/wordpress\/?page_id=330"},"modified":"2021-06-22T21:17:58","modified_gmt":"2021-06-22T19:17:58","slug":"ascom-se-110","status":"publish","type":"page","link":"https:\/\/yvesoesch.ch\/wordpress\/technique\/trx-modifications\/ascom-se-110\/","title":{"rendered":"ASCOM SE-110"},"content":{"rendered":"\n<div class=\"wp-block-image\"><figure class=\"alignright size-large is-resized\"><img loading=\"lazy\" decoding=\"async\" src=\"https:\/\/yvesoesch.ch\/wordpress\/wp-content\/uploads\/2021\/06\/se110.jpg\" alt=\"\" class=\"wp-image-338\" width=\"213\" height=\"417\" srcset=\"https:\/\/yvesoesch.ch\/wordpress\/wp-content\/uploads\/2021\/06\/se110.jpg 425w, https:\/\/yvesoesch.ch\/wordpress\/wp-content\/uploads\/2021\/06\/se110-153x300.jpg 153w\" sizes=\"auto, (max-width: 213px) 100vw, 213px\" \/><\/figure><\/div>\n\n\n\n<p>This transceiver can be seen as the sucessor of the famous <a href=\"http:\/\/www.yvesoesch.ch\/radio\/trxmod\/se20\/se20.htm\">SE<\/a>&#8211;<a href=\"https:\/\/yvesoesch.ch\/wordpress\/2021\/06\/autophon-se-20\/\" data-type=\"post\" data-id=\"291\">20<\/a>. Several version for 70cm, 2m and 4m have been produced. It&rsquo;s the reduced version of the <a href=\"https:\/\/yvesoesch.ch\/wordpress\/technique\/trx-modifications\/ascom-se-140-bosch-hfg168\/\" data-type=\"page\" data-id=\"304\">SE-140<\/a> which looks similar but has more keys and channels<\/p>\n\n\n\n<p>To use the radio on the amateur bands, you need the IPP-110 software and cable, in order to programm the radio.<br>The software only run on 286 or 386 computers. You must also install the ANSI.sys DOS Driver, or the PC screen will look quite!<\/p>\n\n\n\n<h2 class=\"wp-block-heading\">Technical caracteristics common to all SE-110 models<\/h2>\n\n\n\n<figure class=\"wp-block-table\"><table><tbody><tr><td><strong>Parameter<\/strong><\/td><td><strong>Value<\/strong><\/td><\/tr><tr><td>Max. channel number<\/td><td>6<\/td><\/tr><tr><td>Modulation<\/td><td>FM or PM<\/td><\/tr><tr><td>RF Power [W]<\/td><td>1\/2.5 (mostly)<\/td><\/tr><tr><td>Voltage [V]<\/td><td>7.5 nom (6.5..9.0)<\/td><\/tr><tr><td>Weight with 600 [mAh] battery [g]<\/td><td>460<\/td><\/tr><\/tbody><\/table><\/figure>\n\n\n\n<figure class=\"wp-block-table\"><table><tbody><tr><td><strong>Designation<\/strong><\/td><td><strong>Frequency band [MHz]<\/strong><\/td><\/tr><tr><td>SE 110-162<\/td><td>146-174<\/td><\/tr><tr><td>SE-110-432<\/td><td>400-440<\/td><\/tr><tr><td>SE 110-462<\/td><td>430-470<\/td><\/tr><\/tbody><\/table><\/figure>\n\n\n\n<p>Some simple to solve issues with this radio are described on <a href=\"https:\/\/yvesoesch.ch\/wordpress\/technique\/trx-modifications\/ascom-se-140-bosch-hfg168\/common-problems-found-on-se-110-se-140-transceivers\/\">this page<\/a>.<\/p>\n\n\n\n<h2 class=\"wp-block-heading\">Numbering scheme<\/h2>\n\n\n\n<p>Ascom SE-Serie Radio Model Number<br>Ger\u00e4tebezeichnungssystematik f\u00fcr tragbare und mobile Funkger\u00e4te ab 1.1.92 <strong>SE-XXX-XXX-X-XXXXX-X..<\/strong><br>Example SE-160-082-2<\/p>\n\n\n\n<figure class=\"wp-block-table\"><table><tbody><tr><td><\/td><td><strong>Typ<\/strong><\/td><td><strong>Freq. Band<\/strong><\/td><td><strong>TX Power<\/strong><\/td><td><strong>Channel Spacing<\/strong><\/td><td><strong>Model Variation<\/strong><\/td><td><strong>Option<\/strong><\/td><\/tr><tr><td>SE<\/td><td>160<\/td><td>08<\/td><td>2<\/td><td>2<\/td><td>S<\/td><td><\/td><\/tr><tr><td>&nbsp;<\/td><td>^<\/td><td>^<\/td><td>^<\/td><td>^<\/td><td>^<\/td><td><\/td><\/tr><tr><td>&nbsp;<\/td><td>110=SE110<\/td><td>04=33..45MHz<\/td><td>0=driver only<\/td><td>1=12.5kHz<\/td><td>S = Standard<\/td><td><\/td><\/tr><tr><td><\/td><td>140=SE140<\/td><td>05=45..58 MHz<\/td><td>1= 1.0 W<\/td><td>2=20\/25kHz<\/td><td>E = SBB with Keyboard<\/td><td><\/td><\/tr><tr><td><\/td><td>160=SE160<\/td><td>08=68..88 MHz<\/td><td>2= 2.5 W<\/td><td>3= 25.0 kHz<\/td><td>C = Crypto<\/td><td><\/td><\/tr><tr><td><\/td><td>540=SE540<\/td><td>14=132..148 MHz<\/td><td>5= 5.0 W<\/td><td>5 = 50.0 kHz<\/td><td>D = Digital<\/td><td><\/td><\/tr><tr><td><\/td><td>550=SE550<\/td><td>16=146..174 MHZ<\/td><td>6= 6.0 W<\/td><td><\/td><td>T = Trunking<\/td><td><\/td><\/tr><tr><td><\/td><td>660=SE660<\/td><td>20=173..224 MHz<\/td><td>7= 10.0 W<\/td><td><\/td><td>X = EEX<\/td><td><\/td><\/tr><tr><td><\/td><td><\/td><td>21=205..207 MHz<\/td><td>8= 15.0 W<\/td><td><\/td><td>CT = Crypto-Trunking<\/td><td><\/td><\/tr><tr><td><\/td><td><\/td><td>33=300..344 MHz<\/td><td>9= 25.0 W<\/td><td><\/td><td>DT = Digital-Trunking<\/td><td><\/td><\/tr><tr><td><\/td><td><\/td><td>42=400..425 MHz<\/td><td>10=10 W<\/td><td><\/td><td>EC = SBB with Keyboard + Crypto<\/td><td><\/td><\/tr><tr><td><\/td><td><\/td><td>43=400..440 MHz<\/td><td>20=20W<\/td><td><\/td><td>ET = SBB with Keyboard + Trunking<\/td><td><\/td><\/tr><tr><td><\/td><td><\/td><td>45=425..450 MHz<\/td><td>25=25W<\/td><td><\/td><td>TX = Trunking + EEx&nbsp;<br><strong><u>Achtung : Subfrequenzbereich 147-156 MHZ !!<\/u><\/strong><\/td><td><\/td><\/tr><tr><td><\/td><td><\/td><td>46=430..470 MHz<\/td><td><\/td><td><\/td><td>Teco = Trunking + low grade<\/td><td><\/td><\/tr><tr><td><\/td><td><\/td><td>47=450..470 MHz<\/td><td><\/td><td><\/td><td>Seco = standard + low grade (SE660)<\/td><td><\/td><\/tr><tr><td><\/td><td><\/td><td>92=892..980 MHz<\/td><td><\/td><td><\/td><td>TXeco = Trunking + Ex + low grade<\/td><td><\/td><\/tr><\/tbody><\/table><\/figure>\n\n\n\n<p>This table comes from <a rel=\"noreferrer noopener\" href=\"http:\/\/www.oppermann-telekom.de\/se160-modelle.html\" target=\"_blank\">http:\/\/www.oppermann-telekom.de\/se160-modelle.html<\/a><\/p>\n\n\n\n<h2 class=\"wp-block-heading\">Technical files<\/h2>\n\n\n\n<div class=\"wp-block-file\"><a href=\"https:\/\/yvesoesch.ch\/wordpress\/wp-content\/uploads\/2021\/06\/programming-cable.pdf\">Programming cable for SE-110 \/ SE-140<\/a><a href=\"https:\/\/yvesoesch.ch\/wordpress\/wp-content\/uploads\/2021\/06\/programming-cable.pdf\" class=\"wp-block-file__button\" download>T\u00e9l\u00e9charger<\/a><\/div>\n\n\n\n<h2 class=\"wp-block-heading\">Some information provided by Darren G1ERM<\/h2>\n\n\n\n<div class=\"wp-block-file\"><a href=\"https:\/\/yvesoesch.ch\/wordpress\/wp-content\/uploads\/2021\/06\/Ascom-SE110-spec.jpg\">Ascom SE110 spec<\/a><a href=\"https:\/\/yvesoesch.ch\/wordpress\/wp-content\/uploads\/2021\/06\/Ascom-SE110-spec.jpg\" class=\"wp-block-file__button\" download>T\u00e9l\u00e9charger<\/a><\/div>\n\n\n\n<div class=\"wp-block-file\"><a href=\"https:\/\/yvesoesch.ch\/wordpress\/wp-content\/uploads\/2021\/06\/Ascom-SE110-instructions_1.gif\">Ascom SE110 instructions_1<\/a><a href=\"https:\/\/yvesoesch.ch\/wordpress\/wp-content\/uploads\/2021\/06\/Ascom-SE110-instructions_1.gif\" class=\"wp-block-file__button\" download>T\u00e9l\u00e9charger<\/a><\/div>\n\n\n\n<div class=\"wp-block-file\"><a href=\"https:\/\/yvesoesch.ch\/wordpress\/wp-content\/uploads\/2021\/06\/Ascom-SE110-instructions_2.gif\">Ascom SE110 instructions_2<\/a><a href=\"https:\/\/yvesoesch.ch\/wordpress\/wp-content\/uploads\/2021\/06\/Ascom-SE110-instructions_2.gif\" class=\"wp-block-file__button\" download>T\u00e9l\u00e9charger<\/a><\/div>\n\n\n\n<div class=\"wp-block-file\"><a href=\"https:\/\/yvesoesch.ch\/wordpress\/wp-content\/uploads\/2021\/06\/Ascom-SE110-instructions_3.gif\">Ascom SE110 instructions_3<\/a><a href=\"https:\/\/yvesoesch.ch\/wordpress\/wp-content\/uploads\/2021\/06\/Ascom-SE110-instructions_3.gif\" class=\"wp-block-file__button\" download>T\u00e9l\u00e9charger<\/a><\/div>\n\n\n\n<div class=\"wp-block-file\"><a href=\"https:\/\/yvesoesch.ch\/wordpress\/wp-content\/uploads\/2021\/06\/Ascom-SE110-accessories.jpg\">Ascom SE110 accessories<\/a><a href=\"https:\/\/yvesoesch.ch\/wordpress\/wp-content\/uploads\/2021\/06\/Ascom-SE110-accessories.jpg\" class=\"wp-block-file__button\" download>T\u00e9l\u00e9charger<\/a><\/div>\n","protected":false},"excerpt":{"rendered":"<p>This transceiver can be seen as the sucessor of the famous SE&#8211;20. Several version for 70cm, 2m and 4m have been produced. It&rsquo;s the reduced version of the SE-140 which looks similar but has more keys and channels To use the radio on the amateur bands, you need the IPP-110 software and cable, in order&hellip; <a class=\"more-link\" href=\"https:\/\/yvesoesch.ch\/wordpress\/technique\/trx-modifications\/ascom-se-110\/\">Poursuivre la lecture <span class=\"screen-reader-text\">ASCOM SE-110<\/span><\/a><\/p>\n","protected":false},"author":3,"featured_media":0,"parent":81,"menu_order":0,"comment_status":"closed","ping_status":"closed","template":"","meta":{"footnotes":""},"class_list":["post-330","page","type-page","status-publish","hentry","entry"],"_links":{"self":[{"href":"https:\/\/yvesoesch.ch\/wordpress\/wp-json\/wp\/v2\/pages\/330","targetHints":{"allow":["GET"]}}],"collection":[{"href":"https:\/\/yvesoesch.ch\/wordpress\/wp-json\/wp\/v2\/pages"}],"about":[{"href":"https:\/\/yvesoesch.ch\/wordpress\/wp-json\/wp\/v2\/types\/page"}],"author":[{"embeddable":true,"href":"https:\/\/yvesoesch.ch\/wordpress\/wp-json\/wp\/v2\/users\/3"}],"replies":[{"embeddable":true,"href":"https:\/\/yvesoesch.ch\/wordpress\/wp-json\/wp\/v2\/comments?post=330"}],"version-history":[{"count":5,"href":"https:\/\/yvesoesch.ch\/wordpress\/wp-json\/wp\/v2\/pages\/330\/revisions"}],"predecessor-version":[{"id":346,"href":"https:\/\/yvesoesch.ch\/wordpress\/wp-json\/wp\/v2\/pages\/330\/revisions\/346"}],"up":[{"embeddable":true,"href":"https:\/\/yvesoesch.ch\/wordpress\/wp-json\/wp\/v2\/pages\/81"}],"wp:attachment":[{"href":"https:\/\/yvesoesch.ch\/wordpress\/wp-json\/wp\/v2\/media?parent=330"}],"curies":[{"name":"wp","href":"https:\/\/api.w.org\/{rel}","templated":true}]}}